{"id":68869,"date":"2021-09-22T09:34:21","date_gmt":"2021-09-22T09:34:21","guid":{"rendered":"https:\/\/we-bc.ca\/ce-que-nous-proposons\/mentorat\/mentorat-individuel\/"},"modified":"2021-09-22T09:34:21","modified_gmt":"2021-09-22T09:34:21","slug":"mentorat-individuel","status":"publish","type":"page","link":"https:\/\/we-bc.ca\/fr\/programmes-et-services\/mentorat\/mentorat-individuel\/","title":{"rendered":"Mentorat individuel"},"content":{"rendered":"","protected":false},"excerpt":{"rendered":"","protected":false},"author":1,"featured_media":0,"parent":68868,"menu_order":0,"comment_status":"closed","ping_status":"closed","template":"templates\/what-we-offer-inner-child.php","meta":{"_acf_changed":false,"footnotes":""},"class_list":["post-68869","page","type-page","status-publish","hentry"],"acf":[],"yoast_head":"<!-- This site is optimized with the Yoast SEO plugin v27.4 - https:\/\/yoast.com\/product\/yoast-seo-wordpress\/ -->\n<title>Mentorat individuel pour les femmes entrepreneurs - WeBC<\/title>\n<meta name=\"description\" content=\"Mentorat individuel pour les femmes avec un entrepreneur exp\u00e9riment\u00e9. Vous serez jumel\u00e9 \u00e0 un entrepreneur exp\u00e9riment\u00e9 qui vous soutiendra tout au long de votre parcours professionnel.\" \/>\n<meta name=\"robots\" content=\"index, follow, max-snippet:-1, max-image-preview:large, max-video-preview:-1\" \/>\n<link rel=\"canonical\" href=\"https:\/\/we-bc.ca\/fr\/programmes-et-services\/mentorat\/mentorat-individuel\/\" \/>\n<meta property=\"og:locale\" content=\"fr_FR\" \/>\n<meta property=\"og:type\" content=\"article\" \/>\n<meta property=\"og:title\" content=\"Mentorat individuel pour les femmes entrepreneurs - WeBC\" \/>\n<meta property=\"og:description\" content=\"Mentorat individuel pour les femmes avec un entrepreneur exp\u00e9riment\u00e9. Vous serez jumel\u00e9 \u00e0 un entrepreneur exp\u00e9riment\u00e9 qui vous soutiendra tout au long de votre parcours professionnel.\" \/>\n<meta property=\"og:url\" content=\"https:\/\/we-bc.ca\/fr\/programmes-et-services\/mentorat\/mentorat-individuel\/\" \/>\n<meta property=\"og:site_name\" content=\"WeBC\" \/>\n<meta name=\"twitter:card\" content=\"summary_large_image\" \/>\n<script type=\"application\/ld+json\" class=\"yoast-schema-graph\">{\"@context\":\"https:\\\/\\\/schema.org\",\"@graph\":[{\"@type\":\"WebPage\",\"@id\":\"https:\\\/\\\/we-bc.ca\\\/fr\\\/programmes-et-services\\\/mentorat\\\/mentorat-individuel\\\/\",\"url\":\"https:\\\/\\\/we-bc.ca\\\/fr\\\/programmes-et-services\\\/mentorat\\\/mentorat-individuel\\\/\",\"name\":\"Mentorat individuel pour les femmes entrepreneurs - WeBC\",\"isPartOf\":{\"@id\":\"https:\\\/\\\/we-bc.ca\\\/fr\\\/#website\"},\"datePublished\":\"2021-09-22T09:34:21+00:00\",\"description\":\"Mentorat individuel pour les femmes avec un entrepreneur exp\u00e9riment\u00e9. Vous serez jumel\u00e9 \u00e0 un entrepreneur exp\u00e9riment\u00e9 qui vous soutiendra tout au long de votre parcours professionnel.\",\"breadcrumb\":{\"@id\":\"https:\\\/\\\/we-bc.ca\\\/fr\\\/programmes-et-services\\\/mentorat\\\/mentorat-individuel\\\/#breadcrumb\"},\"inLanguage\":\"fr-FR\",\"potentialAction\":[{\"@type\":\"ReadAction\",\"target\":[\"https:\\\/\\\/we-bc.ca\\\/fr\\\/programmes-et-services\\\/mentorat\\\/mentorat-individuel\\\/\"]}]},{\"@type\":\"BreadcrumbList\",\"@id\":\"https:\\\/\\\/we-bc.ca\\\/fr\\\/programmes-et-services\\\/mentorat\\\/mentorat-individuel\\\/#breadcrumb\",\"itemListElement\":[{\"@type\":\"ListItem\",\"position\":1,\"name\":\"Home\",\"item\":\"https:\\\/\\\/we-bc.ca\\\/fr\\\/\"},{\"@type\":\"ListItem\",\"position\":2,\"name\":\"D\u00e9veloppement des comp\u00e9tences\",\"item\":\"https:\\\/\\\/we-bc.ca\\\/fr\\\/developpement-des-competences\\\/?lang=fr\"},{\"@type\":\"ListItem\",\"position\":3,\"name\":\"Mentorat\",\"item\":\"https:\\\/\\\/we-bc.ca\\\/fr\\\/developpement-des-competences\\\/mentorat\\\/?lang=fr\"},{\"@type\":\"ListItem\",\"position\":4,\"name\":\"Mentorat individuel\"}]},{\"@type\":\"WebSite\",\"@id\":\"https:\\\/\\\/we-bc.ca\\\/fr\\\/#website\",\"url\":\"https:\\\/\\\/we-bc.ca\\\/fr\\\/\",\"name\":\"WeBC\",\"description\":\"Supporting Women Entrepreneurs in BC\",\"potentialAction\":[{\"@type\":\"SearchAction\",\"target\":{\"@type\":\"EntryPoint\",\"urlTemplate\":\"https:\\\/\\\/we-bc.ca\\\/fr\\\/?s={search_term_string}\"},\"query-input\":{\"@type\":\"PropertyValueSpecification\",\"valueRequired\":true,\"valueName\":\"search_term_string\"}}],\"inLanguage\":\"fr-FR\"}]}<\/script>\n<!-- \/ Yoast SEO plugin. -->","yoast_head_json":{"title":"Mentorat individuel pour les femmes entrepreneurs - WeBC","description":"Mentorat individuel pour les femmes avec un entrepreneur exp\u00e9riment\u00e9. Vous serez jumel\u00e9 \u00e0 un entrepreneur exp\u00e9riment\u00e9 qui vous soutiendra tout au long de votre parcours professionnel.","robots":{"index":"index","follow":"follow","max-snippet":"max-snippet:-1","max-image-preview":"max-image-preview:large","max-video-preview":"max-video-preview:-1"},"canonical":"https:\/\/we-bc.ca\/fr\/programmes-et-services\/mentorat\/mentorat-individuel\/","og_locale":"fr_FR","og_type":"article","og_title":"Mentorat individuel pour les femmes entrepreneurs - WeBC","og_description":"Mentorat individuel pour les femmes avec un entrepreneur exp\u00e9riment\u00e9. Vous serez jumel\u00e9 \u00e0 un entrepreneur exp\u00e9riment\u00e9 qui vous soutiendra tout au long de votre parcours professionnel.","og_url":"https:\/\/we-bc.ca\/fr\/programmes-et-services\/mentorat\/mentorat-individuel\/","og_site_name":"WeBC","twitter_card":"summary_large_image","schema":{"@context":"https:\/\/schema.org","@graph":[{"@type":"WebPage","@id":"https:\/\/we-bc.ca\/fr\/programmes-et-services\/mentorat\/mentorat-individuel\/","url":"https:\/\/we-bc.ca\/fr\/programmes-et-services\/mentorat\/mentorat-individuel\/","name":"Mentorat individuel pour les femmes entrepreneurs - WeBC","isPartOf":{"@id":"https:\/\/we-bc.ca\/fr\/#website"},"datePublished":"2021-09-22T09:34:21+00:00","description":"Mentorat individuel pour les femmes avec un entrepreneur exp\u00e9riment\u00e9. Vous serez jumel\u00e9 \u00e0 un entrepreneur exp\u00e9riment\u00e9 qui vous soutiendra tout au long de votre parcours professionnel.","breadcrumb":{"@id":"https:\/\/we-bc.ca\/fr\/programmes-et-services\/mentorat\/mentorat-individuel\/#breadcrumb"},"inLanguage":"fr-FR","potentialAction":[{"@type":"ReadAction","target":["https:\/\/we-bc.ca\/fr\/programmes-et-services\/mentorat\/mentorat-individuel\/"]}]},{"@type":"BreadcrumbList","@id":"https:\/\/we-bc.ca\/fr\/programmes-et-services\/mentorat\/mentorat-individuel\/#breadcrumb","itemListElement":[{"@type":"ListItem","position":1,"name":"Home","item":"https:\/\/we-bc.ca\/fr\/"},{"@type":"ListItem","position":2,"name":"D\u00e9veloppement des comp\u00e9tences","item":"https:\/\/we-bc.ca\/fr\/developpement-des-competences\/?lang=fr"},{"@type":"ListItem","position":3,"name":"Mentorat","item":"https:\/\/we-bc.ca\/fr\/developpement-des-competences\/mentorat\/?lang=fr"},{"@type":"ListItem","position":4,"name":"Mentorat individuel"}]},{"@type":"WebSite","@id":"https:\/\/we-bc.ca\/fr\/#website","url":"https:\/\/we-bc.ca\/fr\/","name":"WeBC","description":"Supporting Women Entrepreneurs in BC","potentialAction":[{"@type":"SearchAction","target":{"@type":"EntryPoint","urlTemplate":"https:\/\/we-bc.ca\/fr\/?s={search_term_string}"},"query-input":{"@type":"PropertyValueSpecification","valueRequired":true,"valueName":"search_term_string"}}],"inLanguage":"fr-FR"}]}},"_links":{"self":[{"href":"https:\/\/we-bc.ca\/fr\/wp-json\/wp\/v2\/pages\/68869","targetHints":{"allow":["GET"]}}],"collection":[{"href":"https:\/\/we-bc.ca\/fr\/wp-json\/wp\/v2\/pages"}],"about":[{"href":"https:\/\/we-bc.ca\/fr\/wp-json\/wp\/v2\/types\/page"}],"author":[{"embeddable":true,"href":"https:\/\/we-bc.ca\/fr\/wp-json\/wp\/v2\/users\/1"}],"replies":[{"embeddable":true,"href":"https:\/\/we-bc.ca\/fr\/wp-json\/wp\/v2\/comments?post=68869"}],"version-history":[{"count":0,"href":"https:\/\/we-bc.ca\/fr\/wp-json\/wp\/v2\/pages\/68869\/revisions"}],"up":[{"embeddable":true,"href":"https:\/\/we-bc.ca\/fr\/wp-json\/wp\/v2\/pages\/68868"}],"wp:attachment":[{"href":"https:\/\/we-bc.ca\/fr\/wp-json\/wp\/v2\/media?parent=68869"}],"curies":[{"name":"wp","href":"https:\/\/api.w.org\/{rel}","templated":true}]}}

<!-- This site is optimized with the Yoast SEO plugin v27.4 - https://yoast.com/product/yoast-seo-wordpress/ -->
<title>Mentorat individuel pour les femmes entrepreneurs - WeBC</title>
<meta name="description" content="Mentorat individuel pour les femmes avec un entrepreneur expérimenté. Vous serez jumelé à un entrepreneur expérimenté qui vous soutiendra tout au long de votre parcours professionnel." />
<meta name="robots" content="index, follow, max-snippet:-1, max-image-preview:large, max-video-preview:-1" />
<link rel="canonical" href="https://we-bc.ca/fr/programmes-et-services/mentorat/mentorat-individuel/" />
<meta property="og:locale" content="fr_FR" />
<meta property="og:type" content="article" />
<meta property="og:title" content="Mentorat individuel pour les femmes entrepreneurs - WeBC" />
<meta property="og:description" content="Mentorat individuel pour les femmes avec un entrepreneur expérimenté. Vous serez jumelé à un entrepreneur expérimenté qui vous soutiendra tout au long de votre parcours professionnel." />
<meta property="og:url" content="https://we-bc.ca/fr/programmes-et-services/mentorat/mentorat-individuel/" />
<meta property="og:site_name" content="WeBC" />
<meta name="twitter:card" content="summary_large_image" />
<script type="application/ld+json" class="yoast-schema-graph">{"@context":"https:\/\/schema.org","@graph":[{"@type":"WebPage","@id":"https:\/\/we-bc.ca\/fr\/programmes-et-services\/mentorat\/mentorat-individuel\/","url":"https:\/\/we-bc.ca\/fr\/programmes-et-services\/mentorat\/mentorat-individuel\/","name":"Mentorat individuel pour les femmes entrepreneurs - WeBC","isPartOf":{"@id":"https:\/\/we-bc.ca\/fr\/#website"},"datePublished":"2021-09-22T09:34:21+00:00","description":"Mentorat individuel pour les femmes avec un entrepreneur expérimenté. Vous serez jumelé à un entrepreneur expérimenté qui vous soutiendra tout au long de votre parcours professionnel.","breadcrumb":{"@id":"https:\/\/we-bc.ca\/fr\/programmes-et-services\/mentorat\/mentorat-individuel\/#breadcrumb"},"inLanguage":"fr-FR","potentialAction":[{"@type":"ReadAction","target":["https:\/\/we-bc.ca\/fr\/programmes-et-services\/mentorat\/mentorat-individuel\/"]}]},{"@type":"BreadcrumbList","@id":"https:\/\/we-bc.ca\/fr\/programmes-et-services\/mentorat\/mentorat-individuel\/#breadcrumb","itemListElement":[{"@type":"ListItem","position":1,"name":"Home","item":"https:\/\/we-bc.ca\/fr\/"},{"@type":"ListItem","position":2,"name":"Développement des compétences","item":"https:\/\/we-bc.ca\/fr\/developpement-des-competences\/?lang=fr"},{"@type":"ListItem","position":3,"name":"Mentorat","item":"https:\/\/we-bc.ca\/fr\/developpement-des-competences\/mentorat\/?lang=fr"},{"@type":"ListItem","position":4,"name":"Mentorat individuel"}]},{"@type":"WebSite","@id":"https:\/\/we-bc.ca\/fr\/#website","url":"https:\/\/we-bc.ca\/fr\/","name":"WeBC","description":"Supporting Women Entrepreneurs in BC","potentialAction":[{"@type":"SearchAction","target":{"@type":"EntryPoint","urlTemplate":"https:\/\/we-bc.ca\/fr\/?s={search_term_string}"},"query-input":{"@type":"PropertyValueSpecification","valueRequired":true,"valueName":"search_term_string"}}],"inLanguage":"fr-FR"}]}</script>
<!-- / Yoast SEO plugin. -->

Mentorat individuel pour les femmes avec un entrepreneur expérimenté. Vous serez jumelé à un entrepreneur expérimenté qui vous soutiendra tout au long de votre parcours professionnel.

Développement des compétences
